t is the highest common divisor of 21 and z?
21
Suppose 0 = -4*d - 88*o + 83*o + 3102, 5*d - 2*o - 3828 = 0. Calculate the greatest common divisor of d and 144.
48
Suppose -10*v + 56*v + 5946 = 23334. What is the greatest common divisor of 189 and v?
189
Let r be 2/4 + 31/(-2). Let f be (90/(-8))/(2/(-8)). Let k = r + f. Calculate the greatest common divisor of k and 75.
15
Suppose -37*d = -40*d + 954. Suppose 0 = -5*n + 52 + d. What is the highest common divisor of n and 185?
37
Let j = -259 + 191. Let b be ((-153)/j)/((-3)/(-20)). What is the greatest common factor of b and 10?
5
Let i be (-24)/192 + (-18)/(-16) - 8/(-2). What is the greatest common factor of 74 and i?
1
Suppose -2*t = 4*l - 3210, 6*t = -5*l + 2*t + 4020. Suppose 2*v - 5*g - 53 = 16, 5*g + 101 = 3*v. Calculate the greatest common divisor of l and v.
32
Suppose 0 = -5*c + 9 + 16. Suppose -c*a + 3*a = -102. Suppose 100*k - 972 = 225 + 503. Calculate the highest common factor of a and k.
17
Let b(s) = 4*s**2 + 11*s + 7. Suppose 2*p + 17 + 3 = 0. Let z be b(p). Calculate the highest common factor of 27 and z.
27
Let r = -3 - -31. Suppose -4*k + 428 = 5*b - 827, 2*k - 5*b - 665 = 0. Suppose 5*c - 30 = k. What is the greatest common divisor of c and r?
14
Let q = 3777 - 3753. What is the greatest common divisor of 2748 and q?
12
Let d(w) = -2*w**2 + 71*w + 149. Let q be d(33). Suppose s = 5*k - q, -k + 44 + 20 = s. Calculate the greatest common divisor of k and 54.
9
Let o be 119939/17 + 124/(-527). What is the greatest common divisor of o and 85?
85
Let x be (-4)/6 - 2450/42. Let n = 64 + x. Suppose 4*o + 3*q - 12 = 0, -n*q + 8 = 4*o - q. What is the greatest common factor of 54 and o?
6
Suppose -5*k - 3*v + 875 = 0, -25*v + 28*v + 15 = 0. What is the highest common factor of k and 267?
89
Let j(r) = 7*r**2 + 114*r + 747. Let g be j(-7). Calculate the highest common divisor of g and 1971.
73
Let f be (1 + 124 - 0) + 0. Suppose v = -1034 + 1059. What is the greatest common factor of f and v?
25
Let r(t) = -38*t + 166. Let m be r(12). Let k = m - -320. Calculate the greatest common factor of 60 and k.
30
Let y(t) = -t. Let m be y(6). Let r(f) = -31*f - 41 + 6 - 48 + 20. Let b be r(m). What is the greatest common factor of 82 and b?
41
Suppose 3*s - 30 = 5*o + 190, 5*o + 360 = 5*s. What is the greatest common divisor of s and 686?
14
Suppose -83*w + 5999 - 7110 + 17711 = 0. Calculate the highest common divisor of w and 140.
20
Let x be (-48)/(-6) - (3 + 167)/(-1). What is the greatest common divisor of 14418 and x?
178
Let s be 1 + (2 - 3)*-97. Let a(f) = -f**2 - 5*f + 12. Let g be a(6). Let r = g - -68. What is the highest common divisor of r and s?
14
Suppose 0 = 493*m - 524*m + 1198460. Calculate the highest common factor of m and 20.
20
Let g = -7746 + 9030. What is the highest common factor of g and 36?
12
Suppose 129*i + 135*i - 1512 = 12*i. What is the highest common factor of i and 29706?
6
Suppose -3*i - 5*h + 7705 = 0, 5125 = 126*i - 124*i + h. Calculate the highest common divisor of i and 2432.
128
Let p be ((-3)/1)/(-3) + 3. Suppose -p*n + 6 - 6 = 0. Suppose n*y + 4*w - 20 = -y, 0 = 5*y + w - 138. What is the greatest common factor of 196 and y?
28
Suppose -5*a + 2*w + 79 = 0, -3*w = -20 + 11. Let d = 376 + -155. What is the greatest common factor of d and a?
17
Let u = -144 - -156. Let a = 152 + -97. Suppose -u*b + a = -b. Calculate the greatest common factor of 5 and b.
5
Suppose 8*n - 1260 = -20*n. What is the highest common divisor of 27 and n?
9
Suppose 0 = 30*r - 26486 - 41854. What is the highest common divisor of r and 34?
34
Let t be (55896/33 - 2) + -2*(-4)/44. What is the greatest common divisor of 752 and t?
188
Suppose -15*p = -27*p + 3612. Calculate the greatest common factor of 817 and p.
43
Let v = -146 + -57. Let t = v - -206. What is the highest common divisor of 4 and t?
1
Let s be 88/484 + (-5)/((-110)/5232). Let i = 438 - s. What is the greatest common factor of 50 and i?
50
Suppose 1332690 = 98*y + 178453 + 91329. Calculate the highest common divisor of y and 11.
11
Suppose 0 = 3*c - 4*l - 51, c + 67 = -3*l + 84. Let v be (-96)/36*51/(-2). Calculate the highest common divisor of c and v.
17
Suppose 4*r + 6 = -o, -4*o + 33 = -o - 5*r. Let h = 4 + o. Let f = -384 + 409. Calculate the highest common divisor of f and h.
5
Suppose -4*b + 33711 = -3*l, -65*l = 4*b - 60*l - 33671. Calculate the highest common factor of b and 486.
162
Let k(f) = -f**3 - 23*f**2 - 41*f + 23. Let t be k(-21). Suppose -2*c = t*p - 232, -2*c - 128 = -3*c - 4*p. Calculate the greatest common factor of c and 16.
16
Let x(a) = a**3 - 5*a**2 - 6*a + 2. Let d be x(6). Let k(u) = 5*u**2 + 37*u + 16. Let p be k(-7). What is the greatest common divisor of p and d?
2
Let x(h) = -4*h**3 + 5*h**2 - 119*h - 243. Let s be x(-2). What is the highest common divisor of 799 and s?
47
Let i(y) = -19*y**2 + 6*y + 5. Let o be i(4). Let w = 345 + o. Calculate the greatest common factor of w and 10.
10
Suppose 999 + 1703 = -14*f. Let x = f + 314. Calculate the greatest common factor of 22 and x.
11
Let b be 137 - (-1 + (-3)/(-1)). Suppose -4*t + b = -3*t. Let x be ((-145)/10 + 1)*-4. What is the highest common divisor of t and x?
27
Suppose -15*f + 17186 + 22811 = 12247. What is the highest common factor of 150 and f?
50
Let o be 7/42*0 + 1. Let y be o/(-2) + (1/2 - -1). Calculate the highest common divisor of 38 and y.
1
Let y be (1 + 8)/(11/44). Suppose 30 = 2*l - 4*t, 2*t + y = 2*l - 0*l. Let h(d) = 38*d - 22. Let j be h(5). What is the highest common divisor of j and l?
21
Suppose -3*s - 4*c + 206 = 0, 5*s = -20*c + 24*c + 322. What is the highest common divisor of s and 24?
6
Suppose -5*h + 785 = 5*z, -2*h - 346 - 110 = -3*z. Let x be (-4 + 9/3)*2*-22. What is the greatest common divisor of x and z?
22
Let m = -23 - 17. Let y be (-1072)/m - (-2)/10. Let a be -8 - (-36 - (10 - 11)). What is the greatest common divisor of a and y?
27
Suppose -8926 = 12*h - 10114. Suppose 2*l - 3*f = 66, -4*l + 131 + 1 = -5*f. What is the highest common divisor of l and h?
33
Let i(t) = 3*t**3 + 23*t**2 + 14*t + 15. Let d be i(-7). Let p be 78/130*53/1*d. What is the greatest common divisor of p and 106?
53
Let x(k) = 2*k**3 - 36*k**2 + 77*k - 28. Let g be x(16). Let q(t) = 21*t - 1. Let f be q(1). Calculate the greatest common divisor of g and f.
20
Suppose -6*q + 5*q - 31 = 0. Let z = q - -37. Suppose -48 = 2*h - z*h. Calculate the highest common divisor of h and 120.
12
Let i be 3*(3 + (-6)/(-9) + 1). Suppose -196 = -i*h + 336. What is the highest common factor of 19 and h?
19
Suppose -13*u = 455 - 1456. Suppose 271 = 4*d - 5*m, 118 + u = 3*d - m. Calculate the highest common factor of 448 and d.
64
Suppose 2*q + a + 215 = 5*q, 4*q = 4*a + 284. Let f = q + -70. Suppose 0 = 2*l - 12. What is the highest common divisor of l and f?
2
Let x = 12324 + -7528. Calculate the highest common divisor of 327 and x.
109
Suppose -6 + 2 = 2*i + 4*o, 2*i + 16 = 2*o. Let s(q) = -53*q - 21. Let f be s(i). Calculate the greatest common divisor of f and 27.
27
Suppose 2*l = 67 + 3. Suppose 109 + l = 2*b. Let i = -1250 + 1259. What is the greatest common divisor of i and b?
9
Let k be -2*1/(-11) + (-4395)/(-660)*24. Calculate the highest common factor of 2480 and k.
80
Suppose -5*p + 8*p - 75 = -4*c, 4*p - 114 = -3*c. What is the greatest common factor of 123 and p?
3
Let i be ((-2)/(-10))/((-22)/(-1430)). Let z(h) = h**2 - 9*h + 11. Let c be z(i). What is the highest common divisor of c and 7?
7
Let t(m) = 29*m + 153. Let p be t(-28). Let n = 1036 + p. Calculate the highest common factor of 13 and n.
13
Let i = 25890 - 25226. Calculate the highest common divisor of i and 160.
8
Let h be -6*(-2 + 4)/(2 + -6). Let q(m) = m**2 + m - 14. Let k be q(10). Calculate the greatest common factor of k and h.
3
Let c(v) = 83*v**2 + 29*v - 204. Let y be c(4). Calculate the highest common divisor of 100 and y.
20
Suppose 4*l + 2192 = 4*i, -l - 4*i - 538 = -0*l. Let x be (l/35)/(24/(-40)). Calculate the highest common divisor of 377 and x.
13
Let q = -13240 - -14005. What is the highest common factor of 935 and q?
85
Let b(z) = -z**3 + 7*z**2 - z + 4. Let u be b(7). Let y be -2*1*(-22)/4. Let t be (y - 14)/(u/46). Calculate the highest comm